{"id":1344,"date":"2025-06-23T21:01:41","date_gmt":"2025-06-23T21:01:41","guid":{"rendered":"https:\/\/javiercastanoluthier.com\/a-propos-de-moi\/"},"modified":"2025-07-03T18:53:32","modified_gmt":"2025-07-03T18:53:32","slug":"a-propos-de-moi","status":"publish","type":"page","link":"https:\/\/javiercastanoluthier.com\/fr\/a-propos-de-moi\/","title":{"rendered":"\u00c0 propos de moi"},"content":{"rendered":"\t\t<div data-elementor-type=\"wp-page\" data-elementor-id=\"1344\" class=\"elementor elementor-1344 elementor-852\" data-elementor-post-type=\"page\">\n\t\t\t\t<div class=\"elementor-element elementor-element-5401b33 e-flex e-con-boxed e-con e-parent\" data-id=\"5401b33\" data-element_type=\"container\" data-e-type=\"container\" data-settings=\"{&quot;background_background&quot;:&quot;classic&quot;}\">\n\t\t\t\t\t<div class=\"e-con-inner\">\n\t\t\t\t<div class=\"elementor-element elementor-element-3638780 elementor-widget elementor-widget-heading\" data-id=\"3638780\" data-element_type=\"widget\" data-e-type=\"widget\" data-widget_type=\"heading.default\">\n\t\t\t\t<div class=\"elementor-widget-container\">\n\t\t\t\t\t<h1 class=\"elementor-heading-title elementor-size-default\">\u00c0 propos de moi<\/h1>\t\t\t\t<\/div>\n\t\t\t\t<\/div>\n\t\t\t\t<div class=\"elementor-element elementor-element-2906f82 elementor-widget-divider--view-line elementor-widget elementor-widget-divider\" data-id=\"2906f82\" data-element_type=\"widget\" data-e-type=\"widget\" data-widget_type=\"divider.default\">\n\t\t\t\t<div class=\"elementor-widget-container\">\n\t\t\t\t\t\t\t<div class=\"elementor-divider\">\n\t\t\t<span class=\"elementor-divider-separator\">\n\t\t\t\t\t\t<\/span>\n\t\t<\/div>\n\t\t\t\t\t\t<\/div>\n\t\t\t\t<\/div>\n\t\t\t\t\t<\/div>\n\t\t\t\t<\/div>\n\t\t<div class=\"elementor-element elementor-element-bb62633 e-flex e-con-boxed e-con e-parent\" data-id=\"bb62633\" data-element_type=\"container\" data-e-type=\"container\">\n\t\t\t\t\t<div class=\"e-con-inner\">\n\t\t\t\t\t<\/div>\n\t\t\t\t<\/div>\n\t\t<div class=\"elementor-element elementor-element-fb2beab e-flex e-con-boxed e-con e-parent\" data-id=\"fb2beab\" data-element_type=\"container\" data-e-type=\"container\">\n\t\t\t\t\t<div class=\"e-con-inner\">\n\t\t\t\t<div class=\"elementor-element elementor-element-dd6cc61 elementor-widget elementor-widget-heading\" data-id=\"dd6cc61\" data-element_type=\"widget\" data-e-type=\"widget\" data-widget_type=\"heading.default\">\n\t\t\t\t<div class=\"elementor-widget-container\">\n\t\t\t\t\t<h2 class=\"elementor-heading-title elementor-size-default\">BIOGRAPHIE<\/h2>\t\t\t\t<\/div>\n\t\t\t\t<\/div>\n\t\t\t\t<div class=\"elementor-element elementor-element-3e5bb5a elementor-widget elementor-widget-text-editor\" data-id=\"3e5bb5a\" data-element_type=\"widget\" data-e-type=\"widget\" data-widget_type=\"text-editor.default\">\n\t\t\t\t<div class=\"elementor-widget-container\">\n\t\t\t\t\t\t\t\t\t<div id=\"comp-kyajdb98\" class=\"Z_l5lU ku3DBC zQ9jDz qvSjx3 Vq6kJx comp-kyajdb98 wixui-rich-text\" data-testid=\"richTextElement\"><p class=\"font_7 wixui-rich-text__text\">Javier Casta\u00f1o est n\u00e9 \u00e0 Madrid en 1974, \u00e0 l\u2019\u00e2ge de quatorze ans, son sens pour la guitare flamenco se d\u00e9marquait d\u00e9j\u00e0 et il a commenc\u00e9 \u00e0 jouer de l\u2019instrument. Le sentiment a tellement grandi qu\u2019\u00e0 l\u2019\u00e2ge de vingt-deux ans, il a commenc\u00e9 sa carri\u00e8re de luthier, prenant plusieurs cours avec le maestro Rafael L\u00f3pez Porras \u00e0 Cadix. Au cours des ann\u00e9es suivantes, il a continu\u00e9 avec Rafael dans les cours qu\u2019il a enseign\u00e9s, aidant et \u00e9changeant des opinions, des exp\u00e9riences et des techniques avec diff\u00e9rents facteurs de guitares qui ont \u00e9t\u00e9 mentionn\u00e9s dans ces cours.<\/p><p class=\"font_7 wixui-rich-text__text\">En 2008, il a commenc\u00e9 \u00e0 travailler enti\u00e8rement d\u00e9di\u00e9 \u00e0 l\u2019\u00e9cole de Madrid, c\u2019est \u00e0 cette \u00e9poque que sa carri\u00e8re de luthier prend un nouveau sens, acqu\u00e9rant des connaissances et des techniques de cette grande \u00e9cole d\u2019enseignants. Au cours de l\u2019ann\u00e9e 2014, il a commenc\u00e9 \u00e0 travailler directement avec la maison Conde Atocha \u00e0 Madrid jusqu\u2019en 2022.<\/p><p class=\"font_7 wixui-rich-text__text\"><span class=\"wixGuard wixui-rich-text__text\">Actuellement, Javier Casta\u00f1o est un luthier enti\u00e8rement d\u00e9di\u00e9 \u00e0 son m\u00e9tier.<\/span><\/p><\/div>\t\t\t\t\t\t\t\t<\/div>\n\t\t\t\t<\/div>\n\t\t\t\t<div class=\"elementor-element elementor-element-0f57154 elementor-widget elementor-widget-image\" data-id=\"0f57154\" data-element_type=\"widget\" data-e-type=\"widget\" data-widget_type=\"image.default\">\n\t\t\t\t<div class=\"elementor-widget-container\">\n\t\t\t\t\t\t\t\t\t\t\t\t\t\t\t<img fetchpriority=\"high\" decoding=\"async\" width=\"768\" height=\"506\" src=\"https:\/\/javiercastanoluthier.com\/wp-content\/uploads\/2025\/05\/javier_castano_guitarra-768x506.jpeg\" class=\"attachment-medium_large size-medium_large wp-image-1062\" alt=\"javier_casta\u00f1o_guitarra\" srcset=\"https:\/\/javiercastanoluthier.com\/wp-content\/uploads\/2025\/05\/javier_castano_guitarra-768x506.jpeg 768w, https:\/\/javiercastanoluthier.com\/wp-content\/uploads\/2025\/05\/javier_castano_guitarra-600x395.jpeg 600w, https:\/\/javiercastanoluthier.com\/wp-content\/uploads\/2025\/05\/javier_castano_guitarra-300x198.jpeg 300w, https:\/\/javiercastanoluthier.com\/wp-content\/uploads\/2025\/05\/javier_castano_guitarra-1024x675.jpeg 1024w, https:\/\/javiercastanoluthier.com\/wp-content\/uploads\/2025\/05\/javier_castano_guitarra-1536x1012.jpeg 1536w, https:\/\/javiercastanoluthier.com\/wp-content\/uploads\/2025\/05\/javier_castano_guitarra.jpeg 1600w\" sizes=\"(max-width: 768px) 100vw, 768px\" \/>\t\t\t\t\t\t\t\t\t\t\t\t\t\t\t<\/div>\n\t\t\t\t<\/div>\n\t\t\t\t\t<\/div>\n\t\t\t\t<\/div>\n\t\t<div class=\"elementor-element elementor-element-d3c6036 e-flex e-con-boxed e-con e-parent\" data-id=\"d3c6036\" data-element_type=\"container\" data-e-type=\"container\">\n\t\t\t\t\t<div class=\"e-con-inner\">\n\t\t\t\t\t<\/div>\n\t\t\t\t<\/div>\n\t\t\t\t<\/div>\n\t\t","protected":false},"excerpt":{"rendered":"<p>\u00c0 propos de moi BIOGRAPHIE Javier Casta\u00f1o est n\u00e9 \u00e0 Madrid en 1974, \u00e0 l\u2019\u00e2ge de quatorze ans, son sens [&hellip;]<\/p>\n","protected":false},"author":1,"featured_media":0,"parent":0,"menu_order":0,"comment_status":"closed","ping_status":"closed","template":"","meta":{"site-sidebar-layout":"no-sidebar","site-content-layout":"","ast-site-content-layout":"full-width-container","site-content-style":"default","site-sidebar-style":"default","ast-global-header-display":"","ast-banner-title-visibility":"","ast-main-header-display":"","ast-hfb-above-header-display":"","ast-hfb-below-header-display":"","ast-hfb-mobile-header-display":"","site-post-title":"disabled","ast-breadcrumbs-content":"","ast-featured-img":"disabled","footer-sml-layout":"","ast-disable-related-posts":"","theme-transparent-header-meta":"","adv-header-id-meta":"","stick-header-meta":"","header-above-stick-meta":"","header-main-stick-meta":"","header-below-stick-meta":"","astra-migrate-meta-layouts":"default","ast-page-background-enabled":"default","ast-page-background-meta":{"desktop":{"background-color":"var(--ast-global-color-5)","background-image":"","background-repeat":"repeat","background-position":"center center","background-size":"auto","background-attachment":"scroll","background-type":"","background-media":"","overlay-type":"","overlay-color":"","overlay-opacity":"","overlay-gradient":""},"tablet":{"background-color":"","background-image":"","background-repeat":"repeat","background-position":"center center","background-size":"auto","background-attachment":"scroll","background-type":"","background-media":"","overlay-type":"","overlay-color":"","overlay-opacity":"","overlay-gradient":""},"mobile":{"background-color":"","background-image":"","background-repeat":"repeat","background-position":"center center","background-size":"auto","background-attachment":"scroll","background-type":"","background-media":"","overlay-type":"","overlay-color":"","overlay-opacity":"","overlay-gradient":""}},"ast-content-background-meta":{"desktop":{"background-color":"var(--ast-global-color-4)","background-image":"","background-repeat":"repeat","background-position":"center center","background-size":"auto","background-attachment":"scroll","background-type":"","background-media":"","overlay-type":"","overlay-color":"","overlay-opacity":"","overlay-gradient":""},"tablet":{"background-color":"var(--ast-global-color-4)","background-image":"","background-repeat":"repeat","background-position":"center center","background-size":"auto","background-attachment":"scroll","background-type":"","background-media":"","overlay-type":"","overlay-color":"","overlay-opacity":"","overlay-gradient":""},"mobile":{"background-color":"var(--ast-global-color-4)","background-image":"","background-repeat":"repeat","background-position":"center center","background-size":"auto","background-attachment":"scroll","background-type":"","background-media":"","overlay-type":"","overlay-color":"","overlay-opacity":"","overlay-gradient":""}},"_joinchat":[],"footnotes":""},"class_list":["post-1344","page","type-page","status-publish","hentry"],"_links":{"self":[{"href":"https:\/\/javiercastanoluthier.com\/fr\/wp-json\/wp\/v2\/pages\/1344","targetHints":{"allow":["GET"]}}],"collection":[{"href":"https:\/\/javiercastanoluthier.com\/fr\/wp-json\/wp\/v2\/pages"}],"about":[{"href":"https:\/\/javiercastanoluthier.com\/fr\/wp-json\/wp\/v2\/types\/page"}],"author":[{"embeddable":true,"href":"https:\/\/javiercastanoluthier.com\/fr\/wp-json\/wp\/v2\/users\/1"}],"replies":[{"embeddable":true,"href":"https:\/\/javiercastanoluthier.com\/fr\/wp-json\/wp\/v2\/comments?post=1344"}],"version-history":[{"count":3,"href":"https:\/\/javiercastanoluthier.com\/fr\/wp-json\/wp\/v2\/pages\/1344\/revisions"}],"predecessor-version":[{"id":1347,"href":"https:\/\/javiercastanoluthier.com\/fr\/wp-json\/wp\/v2\/pages\/1344\/revisions\/1347"}],"wp:attachment":[{"href":"https:\/\/javiercastanoluthier.com\/fr\/wp-json\/wp\/v2\/media?parent=1344"}],"curies":[{"name":"wp","href":"https:\/\/api.w.org\/{rel}","templated":true}]}}

À propos de moi

<div data-elementor-type="wp-page" data-elementor-id="1344" class="elementor elementor-1344 elementor-852" data-elementor-post-type="page">
				<div class="elementor-element elementor-element-5401b33 e-flex e-con-boxed e-con e-parent" data-id="5401b33" data-element_type="container" data-e-type="container" data-settings="{&quot;background_background&quot;:&quot;classic&quot;}">
					<div class="e-con-inner">
				<div class="elementor-element elementor-element-3638780 elementor-widget elementor-widget-heading" data-id="3638780" data-element_type="widget" data-e-type="widget" data-widget_type="heading.default">
				<div class="elementor-widget-container">
					<h1 class="elementor-heading-title elementor-size-default">À propos de moi</h1>				</div>
				</div>
				<div class="elementor-element elementor-element-2906f82 elementor-widget-divider--view-line elementor-widget elementor-widget-divider" data-id="2906f82" data-element_type="widget" data-e-type="widget" data-widget_type="divider.default">
				<div class="elementor-widget-container">
							<div class="elementor-divider">
			<span class="elementor-divider-separator">
						</span>
		</div>
						</div>
				</div>
					</div>
				</div>
		<div class="elementor-element elementor-element-bb62633 e-flex e-con-boxed e-con e-parent" data-id="bb62633" data-element_type="container" data-e-type="container">
					<div class="e-con-inner">
					</div>
				</div>
		<div class="elementor-element elementor-element-fb2beab e-flex e-con-boxed e-con e-parent" data-id="fb2beab" data-element_type="container" data-e-type="container">
					<div class="e-con-inner">
				<div class="elementor-element elementor-element-dd6cc61 elementor-widget elementor-widget-heading" data-id="dd6cc61" data-element_type="widget" data-e-type="widget" data-widget_type="heading.default">
				<div class="elementor-widget-container">
					<h2 class="elementor-heading-title elementor-size-default">BIOGRAPHIE</h2>				</div>
				</div>
				<div class="elementor-element elementor-element-3e5bb5a elementor-widget elementor-widget-text-editor" data-id="3e5bb5a" data-element_type="widget" data-e-type="widget" data-widget_type="text-editor.default">
				<div class="elementor-widget-container">
									<div id="comp-kyajdb98" class="Z_l5lU ku3DBC zQ9jDz qvSjx3 Vq6kJx comp-kyajdb98 wixui-rich-text" data-testid="richTextElement"><p class="font_7 wixui-rich-text__text">Javier Castaño est né à Madrid en 1974, à l’âge de quatorze ans, son sens pour la guitare flamenco se démarquait déjà et il a commencé à jouer de l’instrument. Le sentiment a tellement grandi qu’à l’âge de vingt-deux ans, il a commencé sa carrière de luthier, prenant plusieurs cours avec le maestro Rafael López Porras à Cadix. Au cours des années suivantes, il a continué avec Rafael dans les cours qu’il a enseignés, aidant et échangeant des opinions, des expériences et des techniques avec différents facteurs de guitares qui ont été mentionnés dans ces cours.</p><p class="font_7 wixui-rich-text__text">En 2008, il a commencé à travailler entièrement dédié à l’école de Madrid, c’est à cette époque que sa carrière de luthier prend un nouveau sens, acquérant des connaissances et des techniques de cette grande école d’enseignants. Au cours de l’année 2014, il a commencé à travailler directement avec la maison Conde Atocha à Madrid jusqu’en 2022.</p><p class="font_7 wixui-rich-text__text"><span class="wixGuard wixui-rich-text__text">Actuellement, Javier Castaño est un luthier entièrement dédié à son métier.</span></p></div>								</div>
				</div>
				<div class="elementor-element elementor-element-0f57154 elementor-widget elementor-widget-image" data-id="0f57154" data-element_type="widget" data-e-type="widget" data-widget_type="image.default">
				<div class="elementor-widget-container">
															<img fetchpriority="high" decoding="async" width="768" height="506" src="https://javiercastanoluthier.com/wp-content/uploads/2025/05/javier_castano_guitarra-768x506.jpeg" class="attachment-medium_large size-medium_large wp-image-1062" alt="javier_castaño_guitarra" srcset="https://javiercastanoluthier.com/wp-content/uploads/2025/05/javier_castano_guitarra-768x506.jpeg 768w, https://javiercastanoluthier.com/wp-content/uploads/2025/05/javier_castano_guitarra-600x395.jpeg 600w, https://javiercastanoluthier.com/wp-content/uploads/2025/05/javier_castano_guitarra-300x198.jpeg 300w, https://javiercastanoluthier.com/wp-content/uploads/2025/05/javier_castano_guitarra-1024x675.jpeg 1024w, https://javiercastanoluthier.com/wp-content/uploads/2025/05/javier_castano_guitarra-1536x1012.jpeg 1536w, https://javiercastanoluthier.com/wp-content/uploads/2025/05/javier_castano_guitarra.jpeg 1600w" sizes="(max-width: 768px) 100vw, 768px" />															</div>
				</div>
					</div>
				</div>
		<div class="elementor-element elementor-element-d3c6036 e-flex e-con-boxed e-con e-parent" data-id="d3c6036" data-element_type="container" data-e-type="container">
					<div class="e-con-inner">
					</div>
				</div>
				</div>

<p>À propos de moi BIOGRAPHIE Javier Castaño est né à Madrid en 1974, à l’âge de quatorze ans, son sens [&hellip;]</p>
